{"id":2760,"date":"2013-06-26T16:17:01","date_gmt":"2013-04-06T17:44:04","guid":{"rendered":"http:\/\/zurapps.com\/all\/?page_id=2760"},"modified":"2018-05-11T11:13:04","modified_gmt":"2018-05-11T15:13:04","slug":"bubble-danger","status":"publish","type":"page","link":"https:\/\/zurapps.com\/all\/?page_id=2760","title":{"rendered":"Bubble Danger"},"content":{"rendered":"<div id='layer_slider_1'  class='avia-layerslider main_color avia-shadow  avia-builder-el-0  el_before_av_section  avia-builder-el-first  container_wrap sidebar_right'  style='height: 251px;'  ><\/div>\n\n<style type=\"text\/css\" data-created_by=\"avia_inline_auto\" id=\"style-css-av-av_section-6fb3c5cb687e78ce999e890aceb775a3\">\n.avia-section.av-av_section-6fb3c5cb687e78ce999e890aceb775a3{\nbackground-color:#dddddd;\nbackground-image:unset;\n}\n<\/style>\n<div id='av_section_1'  class='avia-section av-av_section-6fb3c5cb687e78ce999e890aceb775a3 main_color avia-section-default avia-no-shadow  avia-builder-el-1  el_after_av_layerslider  el_before_av_one_half  avia-bg-style-scroll container_wrap sidebar_right'  ><div class='container av-section-cont-open' ><div class='template-page content  av-content-small alpha units'><div class='post-entry post-entry-type-page post-entry-2760'><div class='entry-content-wrapper clearfix'>\n<div  class='flex_column av-av_one_full-2a9015ff38129c418a3f2eafba3e9512 av_one_full  avia-builder-el-2  avia-builder-el-no-sibling  first flex_column_div  '     ><style type=\"text\/css\" data-created_by=\"avia_inline_auto\" id=\"style-css-av-av_heading-ba84d56fdfc283140618c2581b366f25\">\n#top .av-special-heading.av-av_heading-ba84d56fdfc283140618c2581b366f25{\npadding-bottom:10px;\n}\nbody .av-special-heading.av-av_heading-ba84d56fdfc283140618c2581b366f25 .av-special-heading-tag .heading-char{\nfont-size:25px;\n}\n.av-special-heading.av-av_heading-ba84d56fdfc283140618c2581b366f25 .av-subheading{\nfont-size:15px;\n}\n<\/style>\n<div  class='av-special-heading av-av_heading-ba84d56fdfc283140618c2581b366f25 av-special-heading-h3  avia-builder-el-3  avia-builder-el-no-sibling '><h3 class='av-special-heading-tag'  itemprop=\"headline\"  >Bubble Danger &#8211; \u00a1Su no tan t\u00edpica juego de estallar burbujas, carga de acci\u00f3n y lleno de sorpresas! <\/h3><div class=\"special-heading-border\"><div class=\"special-heading-inner-border\"><\/div><\/div><\/div><\/div>\n<\/div><\/div><\/div><!-- close content main div --><\/div><\/div><div id='after_section_1'  class='main_color av_default_container_wrap container_wrap sidebar_right'  ><div class='container av-section-cont-open' ><div class='template-page content  av-content-small alpha units'><div class='post-entry post-entry-type-page post-entry-2760'><div class='entry-content-wrapper clearfix'>\n<div  class='flex_column av-av_one_half-2a9015ff38129c418a3f2eafba3e9512 av_one_half  avia-builder-el-4  el_after_av_section  avia-builder-el-no-sibling  first flex_column_div  '     ><style type=\"text\/css\" data-created_by=\"avia_inline_auto\" id=\"style-css-av-av_image-0edffc890a8acbe1fb5310fe8c6e765a\">\n.avia-image-container.av-av_image-0edffc890a8acbe1fb5310fe8c6e765a img.avia_image{\nbox-shadow:none;\n}\n.avia-image-container.av-av_image-0edffc890a8acbe1fb5310fe8c6e765a .av-image-caption-overlay-center{\ncolor:#ffffff;\n}\n<\/style>\n<div  class='avia-image-container av-av_image-0edffc890a8acbe1fb5310fe8c6e765a av-styling- avia-align-center  avia-builder-el-5  el_before_av_one_half  avia-builder-el-first '   itemprop=\"image\" itemscope=\"itemscope\" itemtype=\"https:\/\/schema.org\/ImageObject\" ><div class=\"avia-image-container-inner\"><div class=\"avia-image-overlay-wrap\"><img decoding=\"async\" fetchpriority=\"high\" class='wp-image- avia-img-lazy-loading-not- avia_image ' src=\"https:\/\/zurapps.com\/all\/wp-content\/uploads\/2013\/06\/BubbleDangerIcon-300x300.png\" alt='' title=''   itemprop=\"thumbnailUrl\"  \/><\/div><\/div><\/div><\/div>\n<div  class='flex_column av-av_one_half-52c89597409f646e66e7cc675a5d9b4a av_one_half  avia-builder-el-6  el_after_av_image  el_before_av_hr  flex_column_div  '     ><section  class='av_textblock_section av-av_textblock-0366cc7376be6c9e82a3e9cc8987b64f '   itemscope=\"itemscope\" itemtype=\"https:\/\/schema.org\/CreativeWork\" ><div class='avia_textblock'  itemprop=\"text\" ><h4 style=\"font-family: Arial, Helvetica, sans-serif; font-size: 24px; text-align: center;\">Bubble Danger<\/h4>\n<p><strong>\u00a1PROBAR ANTES DE COMPRAR!<\/strong> &#8211; Aplicaci\u00f3n gratuita que incluye Compras In-App para <strong>Suscripci\u00f3n PREMIUM<\/strong> con un per\u00edodo de prueba gratuito de un mes.<\/p>\n<\/div><\/section><br \/>\n<div  class='hr av-av_hr-dcd2069817a0e3d34ae04cad8f3443c7 hr-default  avia-builder-el-8  el_after_av_textblock  el_before_av_button '><span class='hr-inner '><span class=\"hr-inner-style\"><\/span><\/span><\/div><br \/>\n<div  class='avia-button-wrap av-av_button-e2ee21a99d231fd65f2441e6b5527f99-wrap avia-button-center  avia-builder-el-9  el_after_av_hr  el_before_av_image '><a href='https:\/\/itunes.apple.com\/us\/app\/bubble-danger\/id663396701?ls=1&amp;mt=8' class='avia-button av-av_button-e2ee21a99d231fd65f2441e6b5527f99 av-link-btn avia-icon_select-no avia-size-large avia-position-center avia-color-silver' target=\"_blank\" rel=\"noopener noreferrer\"><span class='avia_iconbox_title' >Bubble Danger<\/span><\/a><\/div><br \/>\n\n<style type=\"text\/css\" data-created_by=\"avia_inline_auto\" id=\"style-css-av-av_image-ece3da20cb8146d746f2b4a95b86d56c\">\n.avia-image-container.av-av_image-ece3da20cb8146d746f2b4a95b86d56c img.avia_image{\nbox-shadow:none;\n}\n.avia-image-container.av-av_image-ece3da20cb8146d746f2b4a95b86d56c .av-image-caption-overlay-center{\ncolor:#ffffff;\n}\n<\/style>\n<div  class='avia-image-container av-av_image-ece3da20cb8146d746f2b4a95b86d56c av-styling- av-img-linked avia-align-center  avia-builder-el-10  el_after_av_button  avia-builder-el-last '   itemprop=\"image\" itemscope=\"itemscope\" itemtype=\"https:\/\/schema.org\/ImageObject\" ><div class=\"avia-image-container-inner\"><div class=\"avia-image-overlay-wrap\"><a href=\"https:\/\/itunes.apple.com\/us\/app\/bubble-danger\/id663396701?ls=1&amp;mt=8\" class='avia_image '  ><img decoding=\"async\" fetchpriority=\"high\" class='wp-image- avia-img-lazy-loading-not- avia_image ' src=\"https:\/\/zurapps.com\/all\/wp-content\/uploads\/2013\/06\/App_Store_Badge_SP.png\" alt='' title=''   itemprop=\"thumbnailUrl\"  \/><\/a><\/div><\/div><\/div><\/p><\/div>\n<style type=\"text\/css\" data-created_by=\"avia_inline_auto\" id=\"style-css-av-av_hr-c9ba6ccf0e28539cef079a4b419f7f68\">\n#top .hr.hr-invisible.av-av_hr-c9ba6ccf0e28539cef079a4b419f7f68{\nheight:25px;\n}\n<\/style>\n<div  class='hr av-av_hr-c9ba6ccf0e28539cef079a4b419f7f68 hr-invisible  avia-builder-el-11  el_after_av_one_half  el_before_av_one_full '><span class='hr-inner '><span class=\"hr-inner-style\"><\/span><\/span><\/div><\/p>\n<div  class='flex_column av-av_one_full-2a9015ff38129c418a3f2eafba3e9512 av_one_full  avia-builder-el-12  el_after_av_hr  el_before_av_one_half  first flex_column_div  '     ><section  class='av_textblock_section av-av_textblock-0366cc7376be6c9e82a3e9cc8987b64f '   itemscope=\"itemscope\" itemtype=\"https:\/\/schema.org\/CreativeWork\" ><div class='avia_textblock'  itemprop=\"text\" ><p style=\"font-family: Arial, Helvetica, sans-serif; font-size: 18px; text-align: center;\"><strong>Bubble Danger<\/strong> es un juego emocionante y moderno con m\u00faltiples tipos de burbujas que hacen que el juego sea <strong>desafiante y gratificante<\/strong>, permiti\u00e9ndole ganar o perder puntos, evitar desastres, obtener tiempo y ganar moneda dentro del juego.<\/p>\n<p style=\"font-family: Arial, Helvetica, sans-serif; font-size: 18px; text-align: center;\"><strong>Estrat\u00e9gicamente<\/strong> utilizar diferentes burbujas para su <strong>ventaja<\/strong> &#8211; como peinar las burbujas de color blanco con las burbujas verdes para aumentar la cantidad de puntos, o tocando las burbujas de color naranja para <strong>agregar tiempo<\/strong> a su juego.<\/p>\n<\/div><\/section><\/div>\n<div  class='flex_column av-av_one_half-2a9015ff38129c418a3f2eafba3e9512 av_one_half  avia-builder-el-14  el_after_av_one_full  el_before_av_one_half  first flex_column_div  column-top-margin'     ><section  class='av_textblock_section av-av_textblock-0366cc7376be6c9e82a3e9cc8987b64f '   itemscope=\"itemscope\" itemtype=\"https:\/\/schema.org\/CreativeWork\" ><div class='avia_textblock'  itemprop=\"text\" ><p style=\"font-family: Arial, Helvetica, sans-serif; font-size: 14px; text-align: left;\">Varios <strong>poderes interactivos<\/strong> puedo ayudarte a evitar situaciones peligrosas.<\/p>\n<p style=\"font-family: Arial, Helvetica, sans-serif; font-size: 14px; text-align: left;\">Por ejemplo, la descarga el\u00e9ctrica <strong>Power-Up<\/strong> eliminar\u00e1 las burbujas en un \u00e1rea espec\u00edfica en la pantalla del juego; el <strong>Cohete Power-Up<\/strong> eliminar\u00e1 <strong>TODAS<\/strong> las burbujas de la pantalla; y <strong>Hielo Power-Up<\/strong> congelar\u00e1 el reloj de tiempo para que <strong>t\u00fa<\/strong> pueda borrar las burbujas que <strong>t\u00fa<\/strong> elija.<\/p>\n<\/div><\/section><\/div>\n<div  class='flex_column av-av_one_half-52c89597409f646e66e7cc675a5d9b4a av_one_half  avia-builder-el-16  el_after_av_one_half  el_before_av_one_half  flex_column_div  column-top-margin'     ><section  class='av_textblock_section av-av_textblock-0366cc7376be6c9e82a3e9cc8987b64f '   itemscope=\"itemscope\" itemtype=\"https:\/\/schema.org\/CreativeWork\" ><div class='avia_textblock'  itemprop=\"text\" ><p style=\"font-family: Arial, Helvetica, sans-serif; font-size: 14px; text-align: left;\">Construye tu stock de <strong>Power-Ups<\/strong> y vive haciendo estallar burbujas rosadas y \/ o burbujas de misterio durante el juego, o usa tu moneda dentro de la aplicaci\u00f3n en la <strong>Zona de Poderes<\/strong>.<\/p>\n<p style=\"font-family: Arial, Helvetica, sans-serif; font-size: 14px; text-align: left;\">Con un intrincado sistema de recompensas con <strong>Vives<\/strong>, <strong>Burbujas Estrellas<\/strong> y <strong>Poderes<\/strong>, la versi\u00f3n gratuita de <strong>Bubble Danger<\/strong> incluye 25 niveles emocionantes de juego en el <strong>modo cronometrado<\/strong> que seducir\u00e1 jugadores de todas las edades.<\/p>\n<\/div><\/section><\/div>\n<div  class='flex_column av-av_one_half-2a9015ff38129c418a3f2eafba3e9512 av_one_half  avia-builder-el-18  el_after_av_one_half  el_before_av_one_half  first flex_column_div  column-top-margin'     ><style type=\"text\/css\" data-created_by=\"avia_inline_auto\" id=\"style-css-av-av_image-5e5b7589f6dffbf355dead7c20dbf45a\">\n.avia-image-container.av-av_image-5e5b7589f6dffbf355dead7c20dbf45a img.avia_image{\nbox-shadow:none;\n}\n.avia-image-container.av-av_image-5e5b7589f6dffbf355dead7c20dbf45a .av-image-caption-overlay-center{\ncolor:#ffffff;\n}\n<\/style>\n<div  class='avia-image-container av-av_image-5e5b7589f6dffbf355dead7c20dbf45a av-styling- avia-align-center  avia-builder-el-19  avia-builder-el-no-sibling '   itemprop=\"image\" itemscope=\"itemscope\" itemtype=\"https:\/\/schema.org\/ImageObject\" ><div class=\"avia-image-container-inner\"><div class=\"avia-image-overlay-wrap\"><img decoding=\"async\" fetchpriority=\"high\" class='wp-image-8829 avia-img-lazy-loading-not-8829 avia_image ' src=\"https:\/\/zurapps.com\/all\/wp-content\/uploads\/2013\/06\/iPhoneBubbleDanger.png\" alt='' title='iPhoneBubbleDanger'  height=\"500\" width=\"244\"  itemprop=\"thumbnailUrl\" srcset=\"https:\/\/zurapps.com\/all\/wp-content\/uploads\/2013\/06\/iPhoneBubbleDanger.png 244w, https:\/\/zurapps.com\/all\/wp-content\/uploads\/2013\/06\/iPhoneBubbleDanger-146x300.png 146w\" sizes=\"(max-width: 244px) 100vw, 244px\" \/><\/div><\/div><\/div><\/div>\n<div  class='flex_column av-av_one_half-52c89597409f646e66e7cc675a5d9b4a av_one_half  avia-builder-el-20  el_after_av_one_half  el_before_av_one_full  flex_column_div  column-top-margin'     ><p>\n<style type=\"text\/css\" data-created_by=\"avia_inline_auto\" id=\"style-css-av-av_hr-a6de236e6c183bbbd700292deacd2b52\">\n#top .hr.hr-invisible.av-av_hr-a6de236e6c183bbbd700292deacd2b52{\nheight:20px;\n}\n<\/style>\n<div  class='hr av-av_hr-a6de236e6c183bbbd700292deacd2b52 hr-invisible  avia-builder-el-21  el_before_av_image  avia-builder-el-first '><span class='hr-inner '><span class=\"hr-inner-style\"><\/span><\/span><\/div><br \/>\n\n<style type=\"text\/css\" data-created_by=\"avia_inline_auto\" id=\"style-css-av-av_image-6258b567fa37debe829cf1e8500cfdbc\">\n.avia-image-container.av-av_image-6258b567fa37debe829cf1e8500cfdbc img.avia_image{\nbox-shadow:none;\n}\n.avia-image-container.av-av_image-6258b567fa37debe829cf1e8500cfdbc .av-image-caption-overlay-center{\ncolor:#ffffff;\n}\n<\/style>\n<div  class='avia-image-container av-av_image-6258b567fa37debe829cf1e8500cfdbc av-styling- avia-align-center  avia-builder-el-22  el_after_av_hr  avia-builder-el-last '   itemprop=\"image\" itemscope=\"itemscope\" itemtype=\"https:\/\/schema.org\/ImageObject\" ><div class=\"avia-image-container-inner\"><div class=\"avia-image-overlay-wrap\"><img decoding=\"async\" fetchpriority=\"high\" class='wp-image-9856 avia-img-lazy-loading-not-9856 avia_image ' src=\"https:\/\/zurapps.com\/all\/wp-content\/uploads\/2013\/06\/iPadBubbleDangerGame4.jpg\" alt='' title='iPadBubbleDangerGame'  height=\"480\" width=\"345\"  itemprop=\"thumbnailUrl\" srcset=\"https:\/\/zurapps.com\/all\/wp-content\/uploads\/2013\/06\/iPadBubbleDangerGame4.jpg 345w, https:\/\/zurapps.com\/all\/wp-content\/uploads\/2013\/06\/iPadBubbleDangerGame4-216x300.jpg 216w\" sizes=\"(max-width: 345px) 100vw, 345px\" \/><\/div><\/div><\/div><\/p><\/div>\n<div  class='flex_column av-av_one_full-2a9015ff38129c418a3f2eafba3e9512 av_one_full  avia-builder-el-23  el_after_av_one_half  el_before_av_one_full  first flex_column_div  column-top-margin'     ><p>\n<style type=\"text\/css\" data-created_by=\"avia_inline_auto\" id=\"style-css-av-av_heading-95d267e564ec32df53577b6a5019d1e6\">\n#top .av-special-heading.av-av_heading-95d267e564ec32df53577b6a5019d1e6{\npadding-bottom:10px;\n}\nbody .av-special-heading.av-av_heading-95d267e564ec32df53577b6a5019d1e6 .av-special-heading-tag .heading-char{\nfont-size:25px;\n}\n.av-special-heading.av-av_heading-95d267e564ec32df53577b6a5019d1e6 .av-subheading{\nfont-size:15px;\n}\n<\/style>\n<div  class='av-special-heading av-av_heading-95d267e564ec32df53577b6a5019d1e6 av-special-heading-h5  avia-builder-el-24  el_before_av_textblock  avia-builder-el-first '><h5 class='av-special-heading-tag'  itemprop=\"headline\"  >A\u00fan m\u00e1s el entusiasmo se puede a\u00f1adir con el complemento opcional Suscripci\u00f3n PREMIUM que:<\/h5><div class=\"special-heading-border\"><div class=\"special-heading-inner-border\"><\/div><\/div><\/div><br \/>\n<section  class='av_textblock_section av-av_textblock-0366cc7376be6c9e82a3e9cc8987b64f '   itemscope=\"itemscope\" itemtype=\"https:\/\/schema.org\/CreativeWork\" ><div class='avia_textblock'  itemprop=\"text\" ><p style=\"font-family: Arial, Helvetica, sans-serif; font-size: 14px; text-align: center;\">\u2022 Desbloquea nuevos modos de juego &#8211; el <strong>Modo Defensivo<\/strong> en el que necesitas proteger el <strong>Orbe LiFE<\/strong> y el <strong>Modo Rel\u00e1mpagos<\/strong> donde debes evitar los rayos r\u00e1pidos<\/p>\n<p style=\"font-family: Arial, Helvetica, sans-serif; font-size: 14px; text-align: center;\">\u2022 Permite mayores <strong>niveles de dificultad<\/strong> que incluyen nuevas burbujas, diferentes <strong>Power-Ups<\/strong> y m\u00e1s burbujas de recompensa<\/p>\n<p style=\"font-family: Arial, Helvetica, sans-serif; font-size: 14px; text-align: center;\">\u2022 Activa la posibilidad de <strong>compartir un juego<\/strong>, lo que le permite <strong>desafiar a sus amigos<\/strong> a jugar el mismo<\/p>\n<\/div><\/section><\/p><\/div>\n<div  class='flex_column av-av_one_full-2a9015ff38129c418a3f2eafba3e9512 av_one_full  avia-builder-el-26  el_after_av_one_full  avia-builder-el-last  first flex_column_div  column-top-margin'     ><div  class='avia-video av-av_video-7abd4f0152dda080a659a80a0e1bd42d avia-video-16-9 av-no-preview-image avia-video-load-always av-lazyload-immediate av-lazyload-video-embed'  itemprop=\"video\" itemtype=\"https:\/\/schema.org\/VideoObject\"  data-original_url='https:\/\/www.youtube.com\/watch?v=RE8_wkVeV78'><script type='text\/html' class='av-video-tmpl'><div class='avia-iframe-wrap'><iframe loading=\"lazy\" width=\"1333\" height=\"1000\" src=\"http:\/\/www.youtube.com\/embed\/RE8_wkVeV78?feature=oembed&autoplay=0&loop=0&controls=1&mute=0\" frameborder=\"0\" allowfullscreen><\/iframe><\/div><\/script><div class='av-click-to-play-overlay'><div class=\"avia_playpause_icon\"><\/div><\/div><\/div><\/div>\n","protected":false},"excerpt":{"rendered":"","protected":false},"author":4,"featured_media":0,"parent":2199,"menu_order":0,"comment_status":"open","ping_status":"open","template":"","meta":{"_monsterinsights_skip_tracking":false,"_monsterinsights_sitenote_active":false,"_monsterinsights_sitenote_note":"","_monsterinsights_sitenote_category":0,"footnotes":""},"_links":{"self":[{"href":"https:\/\/zurapps.com\/all\/index.php?rest_route=\/wp\/v2\/pages\/2760"}],"collection":[{"href":"https:\/\/zurapps.com\/all\/index.php?rest_route=\/wp\/v2\/pages"}],"about":[{"href":"https:\/\/zurapps.com\/all\/index.php?rest_route=\/wp\/v2\/types\/page"}],"author":[{"embeddable":true,"href":"https:\/\/zurapps.com\/all\/index.php?rest_route=\/wp\/v2\/users\/4"}],"replies":[{"embeddable":true,"href":"https:\/\/zurapps.com\/all\/index.php?rest_route=%2Fwp%2Fv2%2Fcomments&post=2760"}],"version-history":[{"count":45,"href":"https:\/\/zurapps.com\/all\/index.php?rest_route=\/wp\/v2\/pages\/2760\/revisions"}],"predecessor-version":[{"id":8405,"href":"https:\/\/zurapps.com\/all\/index.php?rest_route=\/wp\/v2\/pages\/2760\/revisions\/8405"}],"up":[{"embeddable":true,"href":"https:\/\/zurapps.com\/all\/index.php?rest_route=\/wp\/v2\/pages\/2199"}],"wp:attachment":[{"href":"https:\/\/zurapps.com\/all\/index.php?rest_route=%2Fwp%2Fv2%2Fmedia&parent=2760"}],"curies":[{"name":"wp","href":"https:\/\/api.w.org\/{rel}","templated":true}]}}